{"id":90,"date":"2016-07-26T07:30:09","date_gmt":"2016-07-26T05:30:09","guid":{"rendered":"http:\/\/www.olivergellert.de\/?page_id=90"},"modified":"2024-03-06T18:27:29","modified_gmt":"2024-03-06T16:27:29","slug":"kontakt","status":"publish","type":"page","link":"https:\/\/www.olivergellert.de\/?page_id=90","title":{"rendered":"Kontakt"},"content":{"rendered":"<p>Sie erreichen mich \u00fcber:<\/p>\n<p>Mail: <a href=\"#\" onClick=\"unscramble('ed.nilreb.uadnaps-ab@trelleg,revilo')\">oliver.gellert@gruene-spandau.de<\/a><\/p>\n<p>Post: B\u00fcndnis 90 \/ Die Gr\u00fcnen Spandau &#8211; c\/o Oliver Gellert &#8211; M\u00f6nchstr. 7 &#8211; 13597 Berlin<\/p>\n<p>Phone: +49 151\/23 44 97 94<\/p>\n<p>Folgen Sie mir unter:<\/p>\n<p><a href=\"http:\/\/facebook.com\/Olli.Gellert?fref=ts\">Facebook: \/Olli.Gellert<\/a><\/p>\n<p><a href=\"https:\/\/twitter.com\/OliverGellert\">Twitter: @OliverGellert<\/a><\/p>\n<p><a href=\"https:\/\/www.instagram.com\/oliver.gellert\/\">Instagram: oliver.gellert<\/a><\/p>\n","protected":false},"excerpt":{"rendered":"<p>Sie erreichen mich \u00fcber: Mail: oliver.gellert@gruene-spandau.de Post: B\u00fcndnis 90 \/ Die Gr\u00fcnen Spandau &#8211; c\/o Oliver Gellert &#8211; M\u00f6nchstr. 7 &#8211; 13597 Berlin Phone: +49 151\/23 44 97 94 Folgen\u2026<\/p>\n","protected":false},"author":2,"featured_media":0,"parent":0,"menu_order":0,"comment_status":"closed","ping_status":"closed","template":"","meta":{"spay_email":""},"jetpack_shortlink":"https:\/\/wp.me\/P7IWoD-1s","jetpack-related-posts":[{"id":56,"url":"https:\/\/www.olivergellert.de\/?page_id=56","url_meta":{"origin":90,"position":0},"title":"Datenschutzerkl\u00e4rung","date":"16. Juli 2016","format":false,"excerpt":"Datenschutz Die Betreiber dieser Seiten nehmen den Schutz Ihrer pers\u00f6nlichen Daten sehr ernst. Wir behandeln Ihre personenbezogenen Daten vertraulich und entsprechend der gesetzlichen Datenschutzvorschriften sowie dieser Datenschutzerkl\u00e4rung. Die Nutzung unserer Webseite ist in der Regel ohne Angabe personenbezogener Daten m\u00f6glich. Soweit auf unseren Seiten personenbezogene Daten (beispielsweise Name, Anschrift oder\u2026","rel":"","context":"\u00c4hnlicher Beitrag","img":{"alt_text":"","src":"","width":0,"height":0},"classes":[]},{"id":59,"url":"https:\/\/www.olivergellert.de\/?page_id=59","url_meta":{"origin":90,"position":1},"title":"Meine Vorschl\u00e4ge #f\u00fcrSpandau","date":"16. Juli 2016","format":false,"excerpt":"Liebe Spandauerinnen und Spandauer, ich wurde von meinem Kreisverband auf Platz 2 der Wahlliste f\u00fcr die Wahlen zur Bezirksverordnetenversammlung von Spandau zum Stadtratskandidaten gew\u00e4hlt. Hierf\u00fcr m\u00f6chte ich mich ganz herzlich bedanken und auch auf diesem Weg nochmal meine Gr\u00fcnde f\u00fcr meine Bewerbung und meine Ziele #f\u00fcr Spandau benennen. Warum ich\u2026","rel":"","context":"\u00c4hnlicher Beitrag","img":{"alt_text":"","src":"","width":0,"height":0},"classes":[]},{"id":683,"url":"https:\/\/www.olivergellert.de\/?page_id=683","url_meta":{"origin":90,"position":2},"title":"Schriftlichen Anfragen an das Bezirksamt Spandau","date":"1. Juli 2021","format":false,"excerpt":"Hier finden Sie alle meine schriftlichen Anfragen, die ich in den letzten Jahren an das Bezirksamt Spandau eingereicht habe. Sie wollen mehr wissen? Dann schreiben Sie mir. 20210315 Erbrachte Leistungen im Rahmen des Jugendf\u00f6rdergesetzes 20210201 Hygienebeirat - R\u00fcckkehr zum Pr\u00e4senzunterricht? 20201214 Umsetzung von Ma\u00dfnahmen zur B\u00fcrger*innenbeteiligung 20201120 Kitaneubauten in Spandau\u2026","rel":"","context":"\u00c4hnlicher Beitrag","img":{"alt_text":"","src":"","width":0,"height":0},"classes":[]},{"id":4,"url":"https:\/\/www.olivergellert.de\/?page_id=4","url_meta":{"origin":90,"position":3},"title":"Impressum","date":"15. Juli 2016","format":false,"excerpt":"Angaben gem\u00e4\u00df \u00a7 5 TMG: Oliver GellertB\u00fcndnis 90\/ Die Gr\u00fcnen SpandauM\u00f6nchstra\u00dfe 7, 13597 BerlinTel.: 030\/224 50 995Mail: info@gruene-spandau.de Kontakt: Telefon: +49 (0) 151 23 44 97 94 Telefax: nicht vorhanden E-Mail: olivergellert@proja.de Verantwortlich f\u00fcr den Inhalt nach \u00a7 55 Abs. 2 RStV: Oliver GellertB\u00fcndnis 90\/ Die Gr\u00fcnen SpandauM\u00f6nchstra\u00dfe 7, 13597\u2026","rel":"","context":"\u00c4hnlicher Beitrag","img":{"alt_text":"","src":"","width":0,"height":0},"classes":[]},{"id":438,"url":"https:\/\/www.olivergellert.de\/","url_meta":{"origin":90,"position":4},"title":"Das Spandau der Zukunft bauen? #klargehtdas","date":"26. Mai 2021","format":false,"excerpt":"Herzlich Willkommen. \"Das Spandau der Zukunft ist klimaneutral durch energetisch sanierte Geb\u00e4ude, die Nutzung von erneuerbaren Energien, durch emmissionsarmen Verkehr und einen guten \u00d6PNV. Die \u00f6ffentlichen Pl\u00e4tze und Parks haben durch attraktive Gestaltung mit vielen schattenspendenden B\u00e4umen, Sport- und Freizeitm\u00f6glichkeiten sowie Wasserpl\u00e4tzen eine erh\u00f6hte Aufenthaltsqualit\u00e4t. In den Kiezen k\u00f6nnen alle\u2026","rel":"","context":"\u00c4hnlicher Beitrag","img":{"alt_text":"","src":"https:\/\/i0.wp.com\/www.olivergellert.de\/wp-content\/uploads\/2021\/05\/IMG_2944-scaled.jpeg?resize=350%2C200&ssl=1","width":350,"height":200},"classes":[]}],"_links":{"self":[{"href":"https:\/\/www.olivergellert.de\/index.php?rest_route=\/wp\/v2\/pages\/90"}],"collection":[{"href":"https:\/\/www.olivergellert.de\/index.php?rest_route=\/wp\/v2\/pages"}],"about":[{"href":"https:\/\/www.olivergellert.de\/index.php?rest_route=\/wp\/v2\/types\/page"}],"author":[{"embeddable":true,"href":"https:\/\/www.olivergellert.de\/index.php?rest_route=\/wp\/v2\/users\/2"}],"replies":[{"embeddable":true,"href":"https:\/\/www.olivergellert.de\/index.php?rest_route=%2Fwp%2Fv2%2Fcomments&post=90"}],"version-history":[{"count":9,"href":"https:\/\/www.olivergellert.de\/index.php?rest_route=\/wp\/v2\/pages\/90\/revisions"}],"predecessor-version":[{"id":797,"href":"https:\/\/www.olivergellert.de\/index.php?rest_route=\/wp\/v2\/pages\/90\/revisions\/797"}],"wp:attachment":[{"href":"https:\/\/www.olivergellert.de\/index.php?rest_route=%2Fwp%2Fv2%2Fmedia&parent=90"}],"curies":[{"name":"wp","href":"https:\/\/api.w.org\/{rel}","templated":true}]}}

<p>Sie erreichen mich über:</p>
<p>Mail: <a href="#" onClick="unscramble('ed.nilreb.uadnaps-ab@trelleg,revilo')">oliver.gellert@gruene-spandau.de</a></p>
<p>Post: Bündnis 90 / Die Grünen Spandau &#8211; c/o Oliver Gellert &#8211; Mönchstr. 7 &#8211; 13597 Berlin</p>
<p>Phone: +49 151/23 44 97 94</p>
<p>Folgen Sie mir unter:</p>
<p><a href="http://facebook.com/Olli.Gellert?fref=ts">Facebook: /Olli.Gellert</a></p>
<p><a href="https://twitter.com/OliverGellert">Twitter: @OliverGellert</a></p>
<p><a href="https://www.instagram.com/oliver.gellert/">Instagram: oliver.gellert</a></p>

<p>Sie erreichen mich über: Mail: oliver.gellert@gruene-spandau.de Post: Bündnis 90 / Die Grünen Spandau &#8211; c/o Oliver Gellert &#8211; Mönchstr. 7 &#8211; 13597 Berlin Phone: +49 151/23 44 97 94 Folgen…</p>

Datenschutzerklärung

Datenschutz Die Betreiber dieser Seiten nehmen den Schutz Ihrer persönlichen Daten sehr ernst. Wir behandeln Ihre personenbezogenen Daten vertraulich und entsprechend der gesetzlichen Datenschutzvorschriften sowie dieser Datenschutzerklärung. Die Nutzung unserer Webseite ist in der Regel ohne Angabe personenbezogener Daten möglich. Soweit auf unseren Seiten personenbezogene Daten (beispielsweise Name, Anschrift oder…

Ähnlicher Beitrag

Meine Vorschläge #fürSpandau

Liebe Spandauerinnen und Spandauer, ich wurde von meinem Kreisverband auf Platz 2 der Wahlliste für die Wahlen zur Bezirksverordnetenversammlung von Spandau zum Stadtratskandidaten gewählt. Hierfür möchte ich mich ganz herzlich bedanken und auch auf diesem Weg nochmal meine Gründe für meine Bewerbung und meine Ziele #für Spandau benennen. Warum ich…

Hier finden Sie alle meine schriftlichen Anfragen, die ich in den letzten Jahren an das Bezirksamt Spandau eingereicht habe. Sie wollen mehr wissen? Dann schreiben Sie mir. 20210315 Erbrachte Leistungen im Rahmen des Jugendfördergesetzes 20210201 Hygienebeirat - Rückkehr zum Präsenzunterricht? 20201214 Umsetzung von Maßnahmen zur Bürger*innenbeteiligung 20201120 Kitaneubauten in Spandau…

Angaben gemäß § 5 TMG: Oliver GellertBündnis 90/ Die Grünen SpandauMönchstraße 7, 13597 BerlinTel.: 030/224 50 995Mail: info@gruene-spandau.de Kontakt: Telefon: +49 (0) 151 23 44 97 94 Telefax: nicht vorhanden E-Mail: olivergellert@proja.de Verantwortlich für den Inhalt nach § 55 Abs. 2 RStV: Oliver GellertBündnis 90/ Die Grünen SpandauMönchstraße 7, 13597…

Herzlich Willkommen. "Das Spandau der Zukunft ist klimaneutral durch energetisch sanierte Gebäude, die Nutzung von erneuerbaren Energien, durch emmissionsarmen Verkehr und einen guten ÖPNV. Die öffentlichen Plätze und Parks haben durch attraktive Gestaltung mit vielen schattenspendenden Bäumen, Sport- und Freizeitmöglichkeiten sowie Wasserplätzen eine erhöhte Aufenthaltsqualität. In den Kiezen können alle…
